{"id":105,"date":"2024-04-29T09:48:49","date_gmt":"2024-04-29T07:48:49","guid":{"rendered":"http:\/\/benoitandco.fr\/?page_id=105"},"modified":"2024-05-14T18:23:51","modified_gmt":"2024-05-14T16:23:51","slug":"don-quichotte","status":"publish","type":"page","link":"https:\/\/benoitandco.fr\/?page_id=105","title":{"rendered":"DON QUICHOTTE"},"content":{"rendered":"\n<p>Don Quichotte, sur les traces de Cervant\u00e8s \u2013 Tome 1<\/p>\n\n\n\n<p>cr\u00e9ation faite en mai 2000<\/p>\n\n\n\n<p class=\"has-small-font-size\">Que reste-t-il de nos lectures ? Cervantes a \u00e9crit deux tomes des aventures de don Quichotte et ce spectacle relate son odyss\u00e9e du Tome 1.&nbsp; Certains personnages apparaissent en d\u00e9pit du bon sens, mais les p\u00e9riples de Cervant\u00e8s en Espagne y sont pour quelque chose ! Il cachait ses \u00e9crits dans ses divers lieux de passage et se retrouvait \u00e0 continuer son oeuvre litt\u00e9raire,&nbsp; \u00e0 composer avec des personnages dont il ne se souvenait plus.&nbsp; Dans cette pi\u00e8ce tous les personnages ont deux facettes sauf Don Quichotte et son acolyte Sancho. Dans le domaine du conte et du merveilleux, le spectateur s\u2019y retrouve toujours aid\u00e9 par le regard hallucin\u00e9 de Don Quichotte.<\/p>\n\n\n\n<p class=\"has-small-font-size\">L\u2019affiche a \u00e9t\u00e9 dessin\u00e9e par Fr\u00e9d\u00e9ric Bouhon, qui a \u00e9galement cr\u00e9\u00e9 la mule et le cheval des deux voyageurs.<\/p>\n\n\n\n<figure class=\"wp-block-image size-large\"><img loading=\"lazy\" decoding=\"async\" width=\"744\" height=\"1024\" src=\"http:\/\/benoitandco.fr\/wp-content\/uploads\/2024\/04\/image-744x1024.png\" alt=\"\" class=\"wp-image-110\" srcset=\"https:\/\/benoitandco.fr\/wp-content\/uploads\/2024\/04\/image-744x1024.png 744w, https:\/\/benoitandco.fr\/wp-content\/uploads\/2024\/04\/image-218x300.png 218w, https:\/\/benoitandco.fr\/wp-content\/uploads\/2024\/04\/image-768x1057.png 768w, https:\/\/benoitandco.fr\/wp-content\/uploads\/2024\/04\/image-1117x1536.png 1117w, https:\/\/benoitandco.fr\/wp-content\/uploads\/2024\/04\/image.png 1275w\" sizes=\"auto, (max-width: 744px) 100vw, 744px\" \/><\/figure>\n\n\n\n<figure class=\"wp-block-image size-large\"><img loading=\"lazy\" decoding=\"async\" width=\"1024\" height=\"620\" src=\"http:\/\/benoitandco.fr\/wp-content\/uploads\/2024\/04\/Capture-decran-2024-04-28-a-15.31.22-1024x620.png\" alt=\"\" class=\"wp-image-120\" srcset=\"https:\/\/benoitandco.fr\/wp-content\/uploads\/2024\/04\/Capture-decran-2024-04-28-a-15.31.22-1024x620.png 1024w, https:\/\/benoitandco.fr\/wp-content\/uploads\/2024\/04\/Capture-decran-2024-04-28-a-15.31.22-300x182.png 300w, https:\/\/benoitandco.fr\/wp-content\/uploads\/2024\/04\/Capture-decran-2024-04-28-a-15.31.22-768x465.png 768w, https:\/\/benoitandco.fr\/wp-content\/uploads\/2024\/04\/Capture-decran-2024-04-28-a-15.31.22-1536x930.png 1536w, https:\/\/benoitandco.fr\/wp-content\/uploads\/2024\/04\/Capture-decran-2024-04-28-a-15.31.22.png 1626w\" sizes=\"auto, (max-width: 1024px) 100vw, 1024px\" \/><\/figure>\n","protected":false},"excerpt":{"rendered":"<p>Don Quichotte, sur les traces de Cervant\u00e8s \u2013 Tome 1 cr\u00e9ation faite en mai 2000 Que reste-t-il de nos lectures ? Cervantes a \u00e9crit deux tomes des aventures de don Quichotte et ce spectacle relate son odyss\u00e9e du Tome 1.&nbsp; Certains personnages apparaissent en d\u00e9pit du bon sens, mais les p\u00e9riples de Cervant\u00e8s en Espagne [&hellip;]<\/p>\n","protected":false},"author":1,"featured_media":0,"parent":135,"menu_order":8,"comment_status":"closed","ping_status":"closed","template":"","meta":{"footnotes":""},"class_list":["post-105","page","type-page","status-publish","hentry"],"_links":{"self":[{"href":"https:\/\/benoitandco.fr\/index.php?rest_route=\/wp\/v2\/pages\/105","targetHints":{"allow":["GET"]}}],"collection":[{"href":"https:\/\/benoitandco.fr\/index.php?rest_route=\/wp\/v2\/pages"}],"about":[{"href":"https:\/\/benoitandco.fr\/index.php?rest_route=\/wp\/v2\/types\/page"}],"author":[{"embeddable":true,"href":"https:\/\/benoitandco.fr\/index.php?rest_route=\/wp\/v2\/users\/1"}],"replies":[{"embeddable":true,"href":"https:\/\/benoitandco.fr\/index.php?rest_route=%2Fwp%2Fv2%2Fcomments&post=105"}],"version-history":[{"count":4,"href":"https:\/\/benoitandco.fr\/index.php?rest_route=\/wp\/v2\/pages\/105\/revisions"}],"predecessor-version":[{"id":419,"href":"https:\/\/benoitandco.fr\/index.php?rest_route=\/wp\/v2\/pages\/105\/revisions\/419"}],"up":[{"embeddable":true,"href":"https:\/\/benoitandco.fr\/index.php?rest_route=\/wp\/v2\/pages\/135"}],"wp:attachment":[{"href":"https:\/\/benoitandco.fr\/index.php?rest_route=%2Fwp%2Fv2%2Fmedia&parent=105"}],"curies":[{"name":"wp","href":"https:\/\/api.w.org\/{rel}","templated":true}]}}