{"id":173,"date":"2024-04-29T12:28:27","date_gmt":"2024-04-29T10:28:27","guid":{"rendered":"http:\/\/benoitandco.fr\/?page_id=173"},"modified":"2024-05-14T18:06:09","modified_gmt":"2024-05-14T16:06:09","slug":"recits-entre-deux","status":"publish","type":"page","link":"https:\/\/benoitandco.fr\/?page_id=173","title":{"rendered":"R\u00e9cits entre deux"},"content":{"rendered":"\n<p>compilation de divers r\u00e9cits et contes \u2013 improvisation \u00e0 partir de\u00a0l\u00e9gendes,<\/p>\n\n\n\n<p>(Ste Marine r\u00e9\u00e9crit par Willy Bakeroot, La Petite Sir\u00e8ne d\u2019Andersen avec la \u201d vraie \u201d fin, r\u00e9cit d\u2019une pirate femme, et l\u2019histoire de la famille de Tobie !)<\/p>\n\n\n\n<p>cr\u00e9ation en 2017 pour La Petite Sir\u00e8ne avec une photo-tableau de Wanda Mihuleac.<\/p>\n\n\n\n<p>spectacle pouvant \u00eatre d\u00e9coup\u00e9 selon les histoires demand\u00e9es<\/p>\n\n\n\n<figure class=\"wp-block-image size-large is-resized\"><img loading=\"lazy\" decoding=\"async\" width=\"1024\" height=\"768\" src=\"https:\/\/benoitandco.fr\/wp-content\/uploads\/2024\/05\/DSC01848-1024x768.jpg\" alt=\"\" class=\"wp-image-366\" style=\"width:442px;height:auto\" srcset=\"https:\/\/benoitandco.fr\/wp-content\/uploads\/2024\/05\/DSC01848-1024x768.jpg 1024w, https:\/\/benoitandco.fr\/wp-content\/uploads\/2024\/05\/DSC01848-300x225.jpg 300w, https:\/\/benoitandco.fr\/wp-content\/uploads\/2024\/05\/DSC01848-768x576.jpg 768w, https:\/\/benoitandco.fr\/wp-content\/uploads\/2024\/05\/DSC01848.jpg 1280w\" sizes=\"auto, (max-width: 1024px) 100vw, 1024px\" \/><\/figure>\n","protected":false},"excerpt":{"rendered":"<p>compilation de divers r\u00e9cits et contes \u2013 improvisation \u00e0 partir de\u00a0l\u00e9gendes, (Ste Marine r\u00e9\u00e9crit par Willy Bakeroot, La Petite Sir\u00e8ne d\u2019Andersen avec la \u201d vraie \u201d fin, r\u00e9cit d\u2019une pirate femme, et l\u2019histoire de la famille de Tobie !) cr\u00e9ation en 2017 pour La Petite Sir\u00e8ne avec une photo-tableau de Wanda Mihuleac. spectacle pouvant \u00eatre [&hellip;]<\/p>\n","protected":false},"author":1,"featured_media":0,"parent":135,"menu_order":7,"comment_status":"closed","ping_status":"closed","template":"","meta":{"footnotes":""},"class_list":["post-173","page","type-page","status-publish","hentry"],"_links":{"self":[{"href":"https:\/\/benoitandco.fr\/index.php?rest_route=\/wp\/v2\/pages\/173","targetHints":{"allow":["GET"]}}],"collection":[{"href":"https:\/\/benoitandco.fr\/index.php?rest_route=\/wp\/v2\/pages"}],"about":[{"href":"https:\/\/benoitandco.fr\/index.php?rest_route=\/wp\/v2\/types\/page"}],"author":[{"embeddable":true,"href":"https:\/\/benoitandco.fr\/index.php?rest_route=\/wp\/v2\/users\/1"}],"replies":[{"embeddable":true,"href":"https:\/\/benoitandco.fr\/index.php?rest_route=%2Fwp%2Fv2%2Fcomments&post=173"}],"version-history":[{"count":3,"href":"https:\/\/benoitandco.fr\/index.php?rest_route=\/wp\/v2\/pages\/173\/revisions"}],"predecessor-version":[{"id":412,"href":"https:\/\/benoitandco.fr\/index.php?rest_route=\/wp\/v2\/pages\/173\/revisions\/412"}],"up":[{"embeddable":true,"href":"https:\/\/benoitandco.fr\/index.php?rest_route=\/wp\/v2\/pages\/135"}],"wp:attachment":[{"href":"https:\/\/benoitandco.fr\/index.php?rest_route=%2Fwp%2Fv2%2Fmedia&parent=173"}],"curies":[{"name":"wp","href":"https:\/\/api.w.org\/{rel}","templated":true}]}}