{"id":97,"date":"2024-04-29T10:13:37","date_gmt":"2024-04-29T08:13:37","guid":{"rendered":"http:\/\/benoitandco.fr\/?page_id=97"},"modified":"2024-05-14T17:45:56","modified_gmt":"2024-05-14T15:45:56","slug":"ulysse-et-ses-sirenes","status":"publish","type":"page","link":"https:\/\/benoitandco.fr\/?page_id=97","title":{"rendered":"Ulysse et ses sir\u00e8nes"},"content":{"rendered":"\n<p><em>\u00c9l\u00e9ments de la cr\u00e9ation de l\u2019installation \u00e0 Lefkada, Gr\u00e8ce, faite avec vieux poste de radio, apport du logiciel OMax dans les voix m\u00e9lang\u00e9es, et surtout une chaise o\u00f9 l\u2019auditeur est encha\u00een\u00e9 comme Ulysse<\/em><\/p>\n\n\n\n<p class=\"has-small-font-size\">Ulysse doit traverser des mers pour rejoindre son pays. Il conna\u00eet les p\u00e9rils auxquels il s\u2019engage avec son \u00e9quipage par les avertissements re\u00e7us par chacune de ses rencontres. Femmes au pouvoir myst\u00e9rieux qui ne le retiennent pas assez longtemps, ayant toujours P\u00e9n\u00e9lope en concurrence.<br>Mythe du chez soi, jamais \u00e9gal\u00e9 dans les autres pays.<br>Une insolence qui lui fait cotoyer les ombres de la vie.<br>Encore une fois, il avait \u00e9t\u00e9 averti de la n\u00e9cessit\u00e9 de se faire attacher et d\u2019utiliser de la cire pour boucher les oreilles de ses marins avant d\u2019arriver au danger promis par la navigation devant d\u2019autres grottes, celle qui avale et recrache et celle dont le monstre utilise ses six membres pour capturer et d\u00e9vorer les voyageurs.<br>Et l\u00e0, dans la brume, les voix sont arriv\u00e9es, murmurant \u00e0 ses oreilles, fredonnant des rythmes langoureux, et l\u00e0, Ulysse a entendu les promesses r\u00e9pondant \u00e0 ses angoisses, mirages voulus par son esprit, baume lui assurant la libert\u00e9 de choisir son avenir.<br>La page est courte dans l\u2019Odyss\u00e9e et pourtant elle a v\u00e9hicul\u00e9 beaucoup d\u2019images et de r\u00e9flexions \u00e0 travers les si\u00e8cles.<br>Aujourd\u2019hui nous proposons de r\u00e9engistrer les discours politiques de Staline, Hitler, Roosevelt, Mussolini,&nbsp; P\u00e9tain, Pinochet, Mao, Smith, Bonaparte, et d\u2019autres, par des voix f\u00e9minines en anglais. Tous ces textes concernent l\u2019entr\u00e9e en guerre, la n\u00e9cessit\u00e9 de prot\u00e9ger sa famille contre l\u2019ennemi\u2026<br>Le sujet va entrer dans un espace o\u00f9 il sera seul avec les voix, pouvant intervenir sur le choix des textes, comme le spectateur avec les touches de son \u00e9cran de t\u00e9l\u00e9vision. Ce ne seront pas uniquement des textes sur la nation, ou le retour au pays, ou qu\u2019est-ce qu\u2019on peut attendre de l\u2019\u00e9ducation civique des jeunes, mais aussi ceux qui appellent au courage, ou \u00e0 l\u2019ordre\u2026<br>Selon les choix, les boutons appuy\u00e9s \u00e0 tour de r\u00f4le par le sujet, un autre langage se pr\u00e9pare, en quelque sorte voulu par le sujet. C\u2019est un langage qui va reprendre les sonorit\u00e9s r\u00e9p\u00e9titives, r\u00e9currentes des textes choisis et qui va ainsi proposer un nouveau discours. Les mots cl\u00e9s deviennent pr\u00e9dominants et insistent sur la nature du discours. Selon les textes, le nouveau discours peut devenir sens\u00e9 ou insens\u00e9 et plaire au sujet bien que le contexte de base vienne d\u2019une situation abominable ou restrictive.<\/p>\n\n\n\n<p class=\"has-small-font-size\"><strong>Le contexte de la mise en situation :<\/strong><br>L\u2019id\u00e9al est d\u2019isoler le sujet \u2013 par exemple entre quatre grands draps tendus \u2013 le confronter \u00e0 une \u00e9norme t\u00e9l\u00e9vision,\u00a0 un \u00e9cran d\u2019ordinateur ou mieux une vieille radio, o\u00f9 il peut naviguer en tapant sur les touches qui d\u00e9clenchent des sons.<br>Une des touches correspondra au logiciel OMax qui recombinera les discours des textes choisis et qui pourra s\u2019intercaler dans un discours ou bien en formuler un ou bien cr\u00e9er un espace de sons qui soit une diffraction de tous les discours, cr\u00e9ant une sorte de fantasmagorie linguistique. Omax (Assayag, Bloch, Chemillier) est un syst\u00e8me pour l\u2019improvisation avec ordinateur qui analyse en temps r\u00e9el un signal midi ou audio, l\u2019analyse du point de vue de sa structure musicale, et g\u00e9n\u00e9re parall\u00e8lement des recombinaisons et des transformations, cr\u00e9ant une situation de co-improvisation. Dans cette installation, Omax agira sur les voix enregistr\u00e9es.<br>Tout discours est inf\u00e9rieur \u00e0 cinq minutes et a \u00e9t\u00e9 enregistr\u00e9 par quatre voix f\u00e9minines,\u00a0 de langue anglaise, donnant au maximum la douceur et l\u2019attrait f\u00e9minin le plus st\u00e9r\u00e9otyp\u00e9 possible. L\u2019apport musical bruit\u00e9 a \u00e9t\u00e9 propos\u00e9 par Karim Haddad.<\/p>\n\n\n\n<figure class=\"wp-block-image size-full\"><img loading=\"lazy\" decoding=\"async\" width=\"640\" height=\"480\" src=\"http:\/\/benoitandco.fr\/wp-content\/uploads\/2024\/04\/installation-Ulysse-a-Lefkadda.jpg\" alt=\"\" class=\"wp-image-245\" srcset=\"https:\/\/benoitandco.fr\/wp-content\/uploads\/2024\/04\/installation-Ulysse-a-Lefkadda.jpg 640w, https:\/\/benoitandco.fr\/wp-content\/uploads\/2024\/04\/installation-Ulysse-a-Lefkadda-300x225.jpg 300w\" sizes=\"auto, (max-width: 640px) 100vw, 640px\" \/><figcaption class=\"wp-element-caption\">OLYMPUS DIGITAL CAMERA<\/figcaption><\/figure>\n\n\n\n<p>\u2013 \u00b0&nbsp; \u2013 \u00b0&nbsp; \u2013&nbsp; \u00b0&nbsp; \u2013&nbsp; \u00b0&nbsp; \u2013&nbsp; \u00b0&nbsp; \u2013&nbsp; \u00b0<\/p>\n\n\n\n<p>In the basic setup, the interface would just be a Max Patch on a screen with a picture of an old radio and a Knob to turn. The user would use a mouse or a track-ball, or a little pad.<\/p>\n\n\n\n<p>The ideal set up would be an actual radio with the computer hidden and an electronic device that would turn the knob rotation into Midi or OSC information. We don\u2019t know yet if we will be able to have this done (if you have any ideas about this please tell us).<\/p>\n\n\n\n<p>Requirements :<\/p>\n\n\n\n<p>\u2013 An apple Mac (not Intel) at least G4 \/ 1.5 MHz \/ 1.5 Giga Ram<br>\u2013 Sound card<br>\u2013 Stereo system<\/p>\n\n\n\n<p>The installation should be in a quiet comfortable place (for instance delimited with curtains) with an armchair where the user can seat comfortably, maybe have a drink and \u201clisten to the radio\u201d.<\/p>\n\n\n\n<p>====================================================================<\/p>\n\n\n\n<figure class=\"wp-block-image size-full\"><img loading=\"lazy\" decoding=\"async\" width=\"640\" height=\"480\" src=\"http:\/\/benoitandco.fr\/wp-content\/uploads\/2024\/04\/installation-Ulysse.jpg\" alt=\"\" class=\"wp-image-247\" srcset=\"https:\/\/benoitandco.fr\/wp-content\/uploads\/2024\/04\/installation-Ulysse.jpg 640w, https:\/\/benoitandco.fr\/wp-content\/uploads\/2024\/04\/installation-Ulysse-300x225.jpg 300w\" sizes=\"auto, (max-width: 640px) 100vw, 640px\" \/><figcaption class=\"wp-element-caption\">OLYMPUS DIGITAL CAMERA<\/figcaption><\/figure>\n","protected":false},"excerpt":{"rendered":"<p>\u00c9l\u00e9ments de la cr\u00e9ation de l\u2019installation \u00e0 Lefkada, Gr\u00e8ce, faite avec vieux poste de radio, apport du logiciel OMax dans les voix m\u00e9lang\u00e9es, et surtout une chaise o\u00f9 l\u2019auditeur est encha\u00een\u00e9 comme Ulysse Ulysse doit traverser des mers pour rejoindre son pays. Il conna\u00eet les p\u00e9rils auxquels il s\u2019engage avec son \u00e9quipage par les avertissements [&hellip;]<\/p>\n","protected":false},"author":1,"featured_media":0,"parent":135,"menu_order":6,"comment_status":"closed","ping_status":"closed","template":"","meta":{"footnotes":""},"class_list":["post-97","page","type-page","status-publish","hentry"],"_links":{"self":[{"href":"https:\/\/benoitandco.fr\/index.php?rest_route=\/wp\/v2\/pages\/97","targetHints":{"allow":["GET"]}}],"collection":[{"href":"https:\/\/benoitandco.fr\/index.php?rest_route=\/wp\/v2\/pages"}],"about":[{"href":"https:\/\/benoitandco.fr\/index.php?rest_route=\/wp\/v2\/types\/page"}],"author":[{"embeddable":true,"href":"https:\/\/benoitandco.fr\/index.php?rest_route=\/wp\/v2\/users\/1"}],"replies":[{"embeddable":true,"href":"https:\/\/benoitandco.fr\/index.php?rest_route=%2Fwp%2Fv2%2Fcomments&post=97"}],"version-history":[{"count":5,"href":"https:\/\/benoitandco.fr\/index.php?rest_route=\/wp\/v2\/pages\/97\/revisions"}],"predecessor-version":[{"id":403,"href":"https:\/\/benoitandco.fr\/index.php?rest_route=\/wp\/v2\/pages\/97\/revisions\/403"}],"up":[{"embeddable":true,"href":"https:\/\/benoitandco.fr\/index.php?rest_route=\/wp\/v2\/pages\/135"}],"wp:attachment":[{"href":"https:\/\/benoitandco.fr\/index.php?rest_route=%2Fwp%2Fv2%2Fmedia&parent=97"}],"curies":[{"name":"wp","href":"https:\/\/api.w.org\/{rel}","templated":true}]}}